and 24?
24
What is the highest common divisor of 280 and 207900?
140
What is the greatest common divisor of 70 and 128370?
10
What is the highest common factor of 597658 and 302?
302
What is the greatest common divisor of 1110 and 121890?
30
Calculate the highest common divisor of 56823 and 9672.
1209
What is the greatest common factor of 1798515 and 306?
153
What is the highest common factor of 26912 and 3538?
58
What is the highest common factor of 91 and 1622647?
13
What is the highest common factor of 384 and 2016816?
48
Calculate the greatest common divisor of 58922 and 102.
34
Calculate the greatest common divisor of 83248 and 5418.
86
Calculate the greatest common divisor of 19278 and 105.
21
Calculate the greatest common divisor of 4927 and 16676.
379
What is the highest common divisor of 10 and 201242?
2
Calculate the greatest common divisor of 378 and 118962.
54
Calculate the highest common divisor of 10 and 851690.
10
Calculate the greatest common factor of 24 and 42348.
12
Calculate the greatest common factor of 7209 and 36579.
267
Calculate the greatest common divisor of 7885 and 15.
5
Calculate the highest common divisor of 7511 and 26936.
259
What is the greatest common divisor of 49803 and 78?
39
What is the highest common divisor of 5060 and 2090?
110
Calculate the greatest common divisor of 317 and 559188.
317
Calculate the greatest common factor of 649023 and 376.
47
Calculate the greatest common factor of 98 and 5642.
14
What is the greatest common divisor of 11285 and 555?
185
What is the greatest common divisor of 120 and 1543960?
40
What is the highest common divisor of 71047 and 23?
23
Calculate the greatest common factor of 164498 and 1165.
233
Calculate the greatest common factor of 1531887 and 147.
147
Calculate the highest common factor of 7366 and 3451.
29
Calculate the highest common divisor of 40460 and 12460.
140
What is the highest common divisor of 700 and 1784300?
700
Calculate the highest common divisor of 166704 and 28704.
1104
What is the highest common divisor of 315394 and 124?
62
Calculate the greatest common factor of 93 and 813.
3
Calculate the greatest common divisor of 1278 and 25986.
426
What is the greatest common factor of 68540 and 140?
20
What is the greatest common factor of 2880 and 16224?
96
Calculate the greatest common divisor of 441 and 67725.
63
Calculate the greatest common factor of 130 and 25558.
26
What is the greatest common factor of 566720 and 88?
88
Calculate the highest common divisor of 26938 and 4.
2
Calculate the greatest common factor of 333 and 13690.
37
Calculate the greatest common factor of 11 and 41371.
11
What is the greatest common divisor of 501560 and 760?
40
Calculate the greatest common factor of 60 and 51720.
60
Calculate the greatest common factor of 2198 and 440699.
1099
Calculate the greatest common factor of 216 and 104274.
54
Calculate the greatest common factor of 4368 and 14274.
78
Calculate the highest common factor of 12415 and 103.
1
Calculate the greatest common divisor of 996 and 299547.
249
What is the greatest common factor of 2428 and 1768?
4
What is the highest common divisor of 7473 and 7755?
141
Calculate the greatest common factor of 91094 and 296.
74
What is the greatest common factor of 602 and 12824?
14
Calculate the highest common divisor of 10479 and 168.
21
Calculate the greatest common divisor of 147 and 28308.
21
Calculate the highest common factor of 693 and 36603.
63
Calculate the greatest common factor of 770 and 110.
110
Calculate the greatest common divisor of 14395 and 70.
5
What is the greatest common factor of 374 and 7216?
22
What is the greatest common divisor of 40 and 26054?
2
What is the greatest common divisor of 83415 and 47235?
1005
What is the greatest common divisor of 619983 and 637?
91
What is the greatest common divisor of 3973 and 3190?
29
Calculate the greatest common factor of 14337 and 20547.
27
What is the greatest common factor of 294382 and 22?
22
What is the highest common factor of 270 and 86382?
18
Calculate the greatest common divisor of 1492 and 78703.
373
What is the highest common divisor of 254 and 9017?
127
Calculate the greatest common divisor of 103727 and 3131.
101
What is the greatest common divisor of 1101050 and 950?
950
What is the highest common factor of 90690 and 60?
30
Calculate the greatest common divisor of 1116 and 667926.
558
What is the greatest common factor of 459 and 1431?
27
What is the highest common factor of 253 and 36850?
11
What is the greatest common factor of 27489 and 2159?
17
What is the greatest common factor of 2975600 and 2064?
688
Calculate the highest common factor of 265132 and 5712.
476
Calculate the highest common factor of 1611 and 1969.
179
Calculate the greatest common divisor of 440 and 30420.
20
What is the greatest common factor of 36 and 3368184?
12
What is the highest common factor of 315 and 2621745?
315
Calculate the greatest common divisor of 5 and 14955.
5
Calculate the highest common factor of 20069 and 28609.
427
Calculate the greatest common divisor of 945 and 451521.
189
What is the highest common divisor of 3905 and 74030?
55
What is the greatest common divisor of 6777 and 117?
9
Calculate the highest common factor of 8363498 and 22.
22
Calculate the highest common divisor of 13968 and 1067.
97
Calculate the highest common divisor of 136714 and 102.
34
What is the greatest common divisor of 10642 and 8194?
34
What is the greatest common factor of 10919 and 23363?
61
Calculate the highest common factor of 404260 and 40180.
820
What is the highest common factor of 142665 and 15?
15
Calculate the greatest common factor of 19215 and 488.
61
Calculate the greatest common factor of 3318130 and 410.
410
Calculate the highest common divisor of 2356835 and 505.
505
What is the greatest common factor of 177 and 51153?
177
Calculate the highest common divisor of 438 and 25258.
146
What is the highest common divisor of 84 and 5068?
28
What is the highest common factor of 1122 and 4686?
66
What is the highest common divisor of 68619 and 89?
89
Calculate the greatest common divisor of 870 and 45420.
30
Calculate the greatest common divisor of 1491 and 46079.
71
What is the greatest common divisor of 58044 and 3948?
84
Calculate the greatest common divisor of 3925 and 400.
25
Calculate the highest common factor of 1875 and 297675.
75
Calculate the greatest common factor of 3998180 and 20.
20
Calculate the greatest common factor of 7216 and 6688.
176
What is the highest common factor of 19782 and 529404?
942
What is the greatest common divisor of 11134 and 24026?
586
Calculate the greatest common factor of 7396 and 36.
4
What is the highest common divisor of 48 and 10722?
6
Calculate the greatest common factor of 176 and 2618704.
176
Calculate the highest common factor of 20 and 4625.
5
Calculate the highest common factor of 2110940 and 2470.
130
What is the greatest common factor of 16583 and 322?
161
What is the highest common factor of 3179 and 643654?
187
Calculate the greatest common divisor of 1183 and 923585.
169
What is the highest common divisor of 126255 and 3101?
443
Calculate the greatest common divisor of 19465 and 595.
85
What is the highest common factor of 448 and 17664?
64
What is the greatest common factor of 6955975 and 425?
425
What is the highest common divisor of 153 and 691458?
51
Calculate the greatest common divisor of 44 and 1474.
22
What is the highest common divisor of 10921 and 652?
163
Calculate the highest common divisor of 36 and 29628.
36
What is the highest common factor of 2502 and 21962?
278
Calculate the highest common divisor of 2092271 and 41.
41
Calculate the greatest common divisor of 41304 and 132.
12
Calculate the highest common divisor of 8784 and 960.
48
What is the highest common factor of 59 and 172693?
59
Calculate the greatest common factor of 2610 and 9252.
18
Calculate the highest common divisor of 34 and 106471.
17
Calculate the highest common factor of 2816 and 688.
16
Calculate the greatest common divisor of 29079 and 108.
27
Calculate the highest common divisor of 13895 and 4367.
397
Calculate the greatest common divisor of 200 and 134460.
20
What is the greatest common factor of 2752 and 28380?
172
What